 - 423 = 0. Let c(f) = f**2 - 13*f - 3. Calculate the remainder when 1 - (v - -1) - 1 is divided by c(-2).
25
Suppose -231 = -3*y - 3*z, -3*y - 3 = -2*z - 229. Calculate the remainder when 80 is divided by y.
4
Let v(w) = -5*w - 3. Let f(m) = -19*m. Let o(d) = -d**2 - 9*d - 21. Let n be o(-4). What is the remainder when f(n) is divided by v(-3)?
7
Let x = -113 - -117. What is the remainder when 38 is divided by (-12)/x + 3 + -7 + 21?
10
Let q = 150 + -102. Suppose -2*y - 12 + 46 = 0. Calculate the remainder when q is divided by y.
14
Suppose -708 = -10*n + 42. What is the remainder when n is divided by 3?
0
Suppose 20 = -4*g - 3*v + 79, -5*v - 37 = -3*g. Let p be 0 - 7/(g/(-24)). Let u = 40 - p. What is the remainder when u is divided by 10?
8
Let n = 1214 - 1198. Calculate the remainder when 879 is divided by n.
15
Let r(u) = u**2 - u - 7. Let n be r(4). Suppose -3*s + v + 49 - 11 = 0, -n*s + 54 = -4*v. Calculate the remainder when 82 is divided by s.
12
Let s(j) = -j**2 + 7*j - 2. Let w be s(7). Suppose -5*a + 81 = -29. What is the remainder when (w + 3 - 3) + 66 is divided by a?
20
Let b(q) be the first derivative of 9*q**2/2 + 2*q - 67. Let y(w) = w**2 - 6*w + 4. Let n be y(6). Calculate the remainder when b(n) is divided by 13.
12
Let i(t) = -t**3 + 9*t**2 + 11*t + 2. Let f be i(10). Let h(q) = q**2 - 11*q + 5. What is the remainder when 48 is divided by h(f)?
14
Suppose -239 = -2*x + 5*d, 4*x - 9*d + 12*d - 517 = 0. Calculate the remainder when x is divided by 12.
7
Let m(r) = r**3 + r. Let j(k) = 2*k**2 + k + 1. Let t be j(-1). Let d be m(t). Let g = -7 + d. Calculate the remainder when 10 is divided by g.
1
Let d(o) = 56*o - 4. Let b be d(2). Let c be (-12)/78 - b/(-26). What is the remainder when (3 + -5)*(-214)/c is divided by 36?
35
Let p(d) = -5*d + 3 - d + 6 + 21. What is the remainder when p(-7) is divided by 37?
35
Suppose -a - 25 + 42 = 0. Calculate the remainder when 82 is divided by a.
14
Let o = -11 + 11. Let s be 1 + 3 + -6 - o. What is the remainder when 19 is divided by s*5/((-20)/14)?
5
Let k(m) = 23*m - 45. What is the remainder when k(12) is divided by 18?
15
What is the remainder when 256 is divided by ((-44)/6)/(16/(-48))?
14
Let z = 53 - 38. Suppose -z*s = -10*s - 675. What is the remainder when s is divided by 28?
23
Let f be 3 + (-1 - -3) + 1. Let l be 2/f*(-8 + -1). Let b(m) = m**2 - 3*m + 2. Calculate the remainder when 37 is divided by b(l).
17
Calculate the remainder when ((-6)/(-4))/(0 - (-18)/432) is divided by ((-7)/14)/(2/(-40)).
6
Suppose 5 + 225 = p - 4*l, 3*l = -4*p + 901. Calculate the remainder when 229 is divided by p.
3
Let v(i) = i**2 - 31*i + 200. Calculate the remainder when v(25) is divided by 25.
0
Suppose 3*l + 2*x - 4*x - 73 = 0, 2*x - 53 = -3*l. Let v = 24 - l. Suppose -4 = -2*n - 2*o, -3 = -v*n - 4*o - 1. Calculate the remainder when 9 is divided by n.
3
Suppose -o = 3, 2*f + 5*o + 99 = 3*f. Suppose 3*r = f + 150. What is the remainder when r is divided by 21?
15
Let v = 89 + -77. Let r = v - -32. Calculate the remainder when 172 is divided by r.
40
Let q(p) = p + 1. Let k(b) = -1. Let u(l) = k(l) - 3*q(l). Let i be u(-3). Suppose i*w - 37 = 8. Calculate the remainder when 24 is divided by w.
6
Suppose 0 = -6*x + 4*x + 30. Calculate the remainder when (-6)/(4/x*5/(-42)) is divided by 38.
37
What is the remainder when (-2)/6*-12 + 499 is divided by 28?
27
Let h = 124 - 88. Suppose -2*j - h = -4*j. Suppose -3*c + 0*q + 114 = -5*q, -5*c + 3*q = -174. Calculate the remainder when c is divided by j.
15
Let n(u) = -35*u + 105. Calculate the remainder when n(-4) is divided by 19.
17
Let b(j) = 2*j**3 + 15*j**2 - 5*j - 39. What is the remainder when b(-7) is divided by 19?
7
Calculate the remainder when 253 is divided by 36/27*(49 - 1).
61
Suppose -2*d - 1 + 9 = 4*t, -11 = -t - 5*d. Calculate the remainder when 20 is divided by t.
0
Let x(t) = -93*t + 334. What is the remainder when x(3) is divided by ((-3)/2)/((-1)/14)?
13
Let u be (3 - (-13)/(-5))*10. Let s = u - -6. Suppose -2*q + 3*x = -86, -q + 5*x - 167 = -4*q. What is the remainder when q is divided by s?
9
Suppose 0 = -4*t + 138 + 454. What is the remainder when t is divided by 22?
16
Suppose 4*v = s + 3, -s = -3*v + 2 + 1. Suppose -11*g + 8*g + 33 = v. Calculate the remainder when 19 is divided by g.
8
Suppose -9*j + 5*j = -116. What is the remainder when 0 + -1 - 4 - -59 is divided by j?
25
Let m(y) = 2*y**3 + 13*y**2 - 9*y - 26. What is the remainder when m(-6) is divided by 60?
4
Suppose f = -4*g - 101, 2*g + 45 = 3*f + 12. What is the remainder when ((-57)/(-2) - 2)/((-12)/g) is divided by 18?
17
Let u = 10 - 4. Suppose 0 = 2*g - u*g - 208. Let b = -35 - g. Calculate the remainder when b is divided by 4.
1
Let s = -384 - -390. Suppose -3*c + 0*d = d - 5, -4*d - 4 = 0. Suppose -15 = 3*i, -4 = c*n - 2*i + s*i. What is the remainder when 15 is divided by n?
7
Let t = -225 - -242. What is the remainder when 27 is divided by t?
10
Suppose -12*i = 23*i - 700. Calculate the remainder when 272 is divided by i.
12
Let k(c) = c**2 + 5*c - 32. Let s(x) = -x**2 - 4*x + 31. Let l(i) = 5*k(i) + 6*s(i). Let g(t) = -11*t - 2. What is the remainder when l(0) is divided by g(-1)?
8
Suppose 220 = 3*c + 2*o, 6*c - 5*c - 85 = -3*o. What is the remainder when c is divided by 27?
16
Calculate the remainder when 116 is divided by ((-15)/(-10))/((-6)/(-76)).
2
Suppose -8 = 7*m - 9*m. Suppose -t + 20 = -m*b, -3*t + 4*b = b - 24. Calculate the remainder when 5 is divided by t.
1
Let u = -49 + 113. Let c = 66 + u. Suppose -y + c = y. Calculate the remainder when y is divided by 34.
31
Let d(c) = -15*c - 12. Let v be d(-6). Suppose -10*o + v = -7*o. Calculate the remainder when o is divided by 6.
2
Let p(n) be the first derivative of n**4/4 - 5*n**3/3 + 2*n**2 - 8*n - 13. What is the remainder when p(6) is divided by 18?
16
Suppose -2*w + 3*a = -107, 10*a - 8*a + 284 = 5*w. Calculate the remainder when w is divided by (-40)/(-6)*12/4.
18
Suppose 50 = -5*y - 5*g, 4*y - 5*g + 5 = 1. Suppose 5*w - 3*z = 2*w - 6, -18 = -w - 3*z. What is the remainder when (3/(-6))/(1/y) is divided by w?
0
Let x = -773 - -825. What is the remainder when x is divided by 23?
6
Let s(r) = 5*r**2 - 32*r + 85. What is the remainder when 499 is divided by s(5)?
49
Let r(k) be the first derivative of k**2/2 - 10. Let v be r(-1). Let u(l) = 35*l**2 - 2*l - 2. Calculate the remainder when u(v) is divided by 19.
16
Let h be (2/3)/(8/(-12)). Let k(o) = -o**3 + o**2 + 2*o + 1. What is the remainder when ((-1)/(-3) - -1)/((-12)/(-18)) is divided by k(h)?
0
Let w(l) = -l**2 + 22*l + 16. Calculate the remainder when 92 is divided by w(22).
12
Let y(p) = 3*p. Let h(v) = -v**3 - 13*v**2 - 23*v + 23. Calculate the remainder when h(-11) is divided by y(5).
4
Let m(d) = d**2 + 3. Let b be m(0). Suppose 0*q - 9 = -b*q. Suppose -2*h = q*h - 3*a - 80, -25 = 5*a. What is the remainder when h is divided by 4?
1
What is the remainder when (-6)/(-4) + 99/2 is divided by (8/10)/(-5*(-6)/675)?
15
Let v(h) = h**2 - 11*h - 31. Suppose -3*j = -4*z + 9, j - 16 = z - 6*z. What is the remainder when v(14) is divided by z?
2
Let w(y) = y**3 - 2*y**2 + 4*y. Let t = 4 - -50. What is the remainder when t is divided by w(3)?
12
Let l(b) = b**2 + 7. Let f(x) = 7*x - 5. Let h be f(2). What is the remainder when l(h) is divided by 23?
19
Let n = -21 + 48. Let i = n - 2. Suppose m + i = u, 43 = -u + 3*u + 5*m. What is the remainder when u is divided by 13?
11
Suppose -5*n - 5*a + 25 = 0, -33*a + 30*a = 2*n - 10. What is the remainder when 14 is divided by n?
4
Let t = 148 - 139. What is the remainder when 141 is divided by t?
6
Let u be (15 - 21)/(0 + 1). Let v = 24 + u. Calculate the remainder when 33 is divided by v.
15
Suppose 10*t = 3*t - 70. What is the remainder when 47 is divided by ((-26)/t)/(6 + (-116)/20)?
8
Let z(d) = 5*d**2 + 10*d + 8. Calculate the remainder when z(-3) is divided by 3.
2
Suppose 0 = 2*z - x - 17, -10 = -3*x + x. Suppose 0 = -2*q - 0*q + 62. Calculate the remainder when q is divided by z.
9
Let h(y) = 21*y + 211. What is the remainder when h(26) is divided by 19?
16
Let a = -197 + 220. Calculate the remainder when 406 is divided by a.
15
Let l(w) = w**3 + 1. Let g(d) = 9*d**2 + 81*d - 38. Calcul